{"id":340,"date":"2022-05-23T15:53:05","date_gmt":"2022-05-23T12:53:05","guid":{"rendered":"https:\/\/studyatsau.sakarya.edu.tr\/?page_id=340"},"modified":"2023-05-15T12:09:43","modified_gmt":"2023-05-15T09:09:43","slug":"akademik-birimler","status":"publish","type":"page","link":"https:\/\/studyatsau.sakarya.edu.tr\/?page_id=340","title":{"rendered":"Akademik Birimler"},"content":{"rendered":"\t\t<div data-elementor-type=\"wp-page\" data-elementor-id=\"340\" class=\"elementor elementor-340\">\n\t\t\t\t\t\t\t\t\t<section class=\"elementor-section elementor-top-section elementor-element elementor-element-260fdca5 elementor-section-boxed elementor-section-height-default elementor-section-height-default\" data-id=\"260fdca5\" data-element_type=\"section\">\n\t\t\t\t\t\t<div class=\"elementor-container elementor-column-gap-default\">\n\t\t\t\t\t<div class=\"elementor-column elementor-col-100 elementor-top-column elementor-element elementor-element-4956d6b0\" data-id=\"4956d6b0\" data-element_type=\"column\">\n\t\t\t<div class=\"elementor-widget-wrap elementor-element-populated\">\n\t\t\t\t\t\t\t\t<div class=\"elementor-element elementor-element-46318534 elementor-widget elementor-widget-text-editor\" data-id=\"46318534\" data-element_type=\"widget\" data-widget_type=\"text-editor.default\">\n\t\t\t\t<div class=\"elementor-widget-container\">\n\t\t\t<style>\/*! elementor - v3.6.5 - 27-04-2022 *\/\n.elementor-widget-text-editor.elementor-drop-cap-view-stacked .elementor-drop-cap{background-color:#818a91;color:#fff}.elementor-widget-text-editor.elementor-drop-cap-view-framed .elementor-drop-cap{color:#818a91;border:3px solid;background-color:transparent}.elementor-widget-text-editor:not(.elementor-drop-cap-view-default) .elementor-drop-cap{margin-top:8px}.elementor-widget-text-editor:not(.elementor-drop-cap-view-default) .elementor-drop-cap-letter{width:1em;height:1em}.elementor-widget-text-editor .elementor-drop-cap{float:left;text-align:center;line-height:1;font-size:50px}.elementor-widget-text-editor .elementor-drop-cap-letter{display:inline-block}<\/style>\t\t\t\t<!-- wp:themeisle-blocks\/advanced-columns {\"id\":\"wp-block-themeisle-blocks-advanced-columns-9e016560\",\"columns\":0} -->\n<div id=\"wp-block-themeisle-blocks-advanced-columns-9e016560\" class=\"wp-block-themeisle-blocks-advanced-columns has-0-columns has-desktop-undefined-layout has-tablet-equal-layout has-mobile-equal-layout has-vertical-unset\"><div class=\"wp-block-themeisle-blocks-advanced-columns-overlay\"><\/div><div class=\"innerblocks-wrap\"><\/div><\/div>\n<!-- \/wp:themeisle-blocks\/advanced-columns -->\t\t\t\t\t\t<\/div>\n\t\t\t\t<\/div>\n\t\t\t\t\t<\/div>\n\t\t<\/div>\n\t\t\t\t\t\t\t<\/div>\n\t\t<\/section>\n\t\t\t\t<section class=\"elementor-section elementor-top-section elementor-element elementor-element-770e5f4f elementor-section-boxed elementor-section-height-default elementor-section-height-default\" data-id=\"770e5f4f\" data-element_type=\"section\" data-settings=\"{&quot;background_background&quot;:&quot;classic&quot;}\">\n\t\t\t\t\t\t<div class=\"elementor-container elementor-column-gap-default\">\n\t\t\t\t\t<div class=\"elementor-column elementor-col-100 elementor-top-column elementor-element elementor-element-32b889c5\" data-id=\"32b889c5\" data-element_type=\"column\">\n\t\t\t<div class=\"elementor-widget-wrap elementor-element-populated\">\n\t\t\t\t\t\t\t\t<div class=\"elementor-element elementor-element-1f602cff elementor-widget elementor-widget-heading\" data-id=\"1f602cff\" data-element_type=\"widget\" data-widget_type=\"heading.default\">\n\t\t\t\t<div class=\"elementor-widget-container\">\n\t\t\t<style>\/*! elementor - v3.6.5 - 27-04-2022 *\/\n.elementor-heading-title{padding:0;margin:0;line-height:1}.elementor-widget-heading .elementor-heading-title[class*=elementor-size-]>a{color:inherit;font-size:inherit;line-height:inherit}.elementor-widget-heading .elementor-heading-title.elementor-size-small{font-size:15px}.elementor-widget-heading .elementor-heading-title.elementor-size-medium{font-size:19px}.elementor-widget-heading .elementor-heading-title.elementor-size-large{font-size:29px}.elementor-widget-heading .elementor-heading-title.elementor-size-xl{font-size:39px}.elementor-widget-heading .elementor-heading-title.elementor-size-xxl{font-size:59px}<\/style><h2 class=\"elementor-heading-title elementor-size-default\">Akademik Birimler<\/h2>\t\t<\/div>\n\t\t\t\t<\/div>\n\t\t\t\t<section class=\"elementor-section elementor-inner-section elementor-element elementor-element-515dd26b elementor-section-boxed elementor-section-height-default elementor-section-height-default\" data-id=\"515dd26b\" data-element_type=\"section\">\n\t\t\t\t\t\t<div class=\"elementor-container elementor-column-gap-default\">\n\t\t\t\t\t<div class=\"elementor-column elementor-col-50 elementor-inner-column elementor-element elementor-element-f2d080b\" data-id=\"f2d080b\" data-element_type=\"column\">\n\t\t\t<div class=\"elementor-widget-wrap elementor-element-populated\">\n\t\t\t\t\t\t\t\t<div class=\"elementor-element elementor-element-24d573d6 elementor-widget elementor-widget-text-editor\" data-id=\"24d573d6\" data-element_type=\"widget\" data-widget_type=\"text-editor.default\">\n\t\t\t\t<div class=\"elementor-widget-container\">\n\t\t\t\t\t\t\t<div class=\"elementor-element elementor-element-4bbd73cb elementor-widget elementor-widget-heading\" style=\"--flex-direction: initial; --flex-wrap: initial; --justify-content: initial; --align-items: initial; --align-content: initial; --gap: initial; --flex-basis: initial; --flex-grow: initial; --flex-shrink: initial; --order: initial; --align-self: initial; flex-direction: var(--flex-direction); flex-wrap: var(--flex-wrap); -webkit-box-pack: var(--justify-content); justify-content: var(--justify-content); -webkit-box-align: var(--align-items); align-items: var(--align-items); align-content: var(--align-content); gap: var(--gap); flex-basis: var(--flex-basis); -webkit-box-flex: var(--flex-grow); flex-grow: var(--flex-grow); flex-shrink: var(--flex-shrink); -webkit-box-ordinal-group: var(--order); order: var(--order); align-self: var(--align-self); --widgets-spacing: 20px; width: 550px; text-align: center; color: #393939; font-family: Poppins, Arial, Helvetica, sans-serif; font-size: 15px;\" data-id=\"4bbd73cb\" data-element_type=\"widget\" data-widget_type=\"heading.default\">\n<div class=\"elementor-widget-container optml-bg-lazyloaded\">\n<h2 class=\"elementor-heading-title elementor-size-default\" style=\"font-size: var(--h2FontSize); font-weight: var( --e-global-typography-primary-font-weight ); font-family: var( --e-global-typography-primary-font-family ), Sans-serif; letter-spacing: var(--h2LetterSpacing); text-transform: var(--h2TextTransform); color: #06377b;\">Fak\u00fclteler<\/h2>\n<\/div>\n<\/div>\n<div class=\"elementor-element elementor-element-7582201f elementor-widget elementor-widget-text-editor\" style=\"--listpad: 15px; --liststyle: disc; --flex-direction: initial; --flex-wrap: initial; --justify-content: initial; --align-items: initial; --align-content: initial; --gap: initial; --flex-basis: initial; --flex-grow: initial; --flex-shrink: initial; --order: initial; --align-self: initial; flex-direction: var(--flex-direction); flex-wrap: var(--flex-wrap); -webkit-box-pack: var(--justify-content); justify-content: var(--justify-content); -webkit-box-align: var(--align-items); align-items: var(--align-items); align-content: var(--align-content); gap: var(--gap); flex-basis: var(--flex-basis); -webkit-box-flex: var(--flex-grow); flex-grow: var(--flex-grow); flex-shrink: var(--flex-shrink); -webkit-box-ordinal-group: var(--order); order: var(--order); align-self: var(--align-self); --widgets-spacing: 20px; color: #1a1716; font-family: Roboto, sans-serif; font-weight: 400; width: 550px; text-align: center; line-height: 6px; font-size: 15px;\" data-id=\"7582201f\" data-element_type=\"widget\" data-widget_type=\"text-editor.default\">\n<div class=\"elementor-widget-container optml-bg-lazyloaded\">\n<p><span style=\"color: #333399;\"><a style=\"--linkdeco: none; color: #333399;\" href=\"http:\/\/bf.sakarya.edu.tr\/tr\" target=\"_blank\" rel=\"noopener\">Bilgisayar ve Bili\u015fim Bilimleri Fak\u00fcltesi<\/a><\/span><\/p>\n<p><span style=\"color: #333399;\"><a style=\"--linkdeco: none; color: #333399;\" href=\"https:\/\/dhf.sakarya.edu.tr\/\" target=\"_blank\" rel=\"noopener\">Di\u015f Hekimli\u011fi Fak\u00fcltesi<\/a><\/span><\/p>\n<p><span style=\"color: #333399;\"><a style=\"--linkdeco: none; color: #333399;\" href=\"http:\/\/ef.sakarya.edu.tr\/tr\" target=\"_blank\" rel=\"noopener\">E\u011fitim Fak\u00fcltesi<\/a><\/span><\/p>\n<p><a href=\"https:\/\/fen.sakarya.edu.tr\/\"><span style=\"color: #333399;\">Fen\u00a0 Fak\u00fcltesi<\/span><\/a><\/p>\n<p><span style=\"color: #333399;\"><a style=\"--linkdeco: none; color: #333399;\" href=\"http:\/\/hf.sakarya.edu.tr\/tr\" target=\"_blank\" rel=\"noopener\">Hukuk Fak\u00fcltesi<\/a><\/span><\/p>\n<p><span style=\"color: #333399;\"><a style=\"--linkdeco: none; color: #333399;\" href=\"http:\/\/if.sakarya.edu.tr\/tr\" target=\"_blank\" rel=\"noopener\">\u0130lahiyat Fak\u00fcltesi<\/a><\/span><\/p>\n<p><span style=\"color: #333399;\"><a style=\"--linkdeco: none; color: #333399;\" href=\"http:\/\/iletisim.sakarya.edu.tr\/tr\" target=\"_blank\" rel=\"noopener\">\u0130leti\u015fim Fak\u00fcltesi<\/a><\/span><\/p>\n<p><span style=\"color: #333399;\"><a style=\"--linkdeco: none; color: #333399;\" href=\"http:\/\/islf.sakarya.edu.tr\/tr\" target=\"_blank\" rel=\"noopener\">\u0130\u015fletme Fak\u00fcltesi<\/a><\/span><\/p>\n<p><a href=\"https:\/\/itbf.sakarya.edu.tr\/\"><span style=\"text-decoration: underline;\">\u0130nsan ve Toplum Bilimleri Fak\u00fcltesi<\/span><\/a><\/p>\n<p><span style=\"color: #333399;\"><a style=\"--linkdeco: none; color: #333399;\" href=\"http:\/\/mf.sakarya.edu.tr\/tr\" target=\"_blank\" rel=\"noopener\">M\u00fchendislik Fak\u00fcltesi<\/a><\/span><\/p>\n<p><span style=\"color: #333399;\"><a style=\"--linkdeco: none; color: #333399;\" href=\"http:\/\/saglikbilimleri.sakarya.edu.tr\/tr\" target=\"_blank\" rel=\"noopener\">Sa\u011fl\u0131k Bilimleri Fak\u00fcltesi<\/a><\/span><\/p>\n<p><span style=\"color: #333399;\"><a style=\"--linkdeco: none; color: #333399;\" href=\"http:\/\/stmf.sakarya.edu.tr\/tr\" target=\"_blank\" rel=\"noopener\">Sanat Tasar\u0131m ve Mimarl\u0131k Fak\u00fcltesi<\/a><\/span><\/p>\n<p><span style=\"color: #333399;\"><a style=\"--linkdeco: none; color: #333399;\" href=\"http:\/\/sbf.sakarya.edu.tr\/tr\" target=\"_blank\" rel=\"noopener\">Siyasal Bilgiler Fak\u00fcltesi<\/a><\/span><\/p>\n<p><span style=\"color: #333399;\"><a style=\"--linkdeco: none; color: #333399;\" href=\"http:\/\/tip.sakarya.edu.tr\/tr\" target=\"_blank\" rel=\"noopener\">T\u0131p Fak\u00fcltesi<\/a><\/span><\/p>\n<\/div>\n<\/div>\t\t\t\t\t\t<\/div>\n\t\t\t\t<\/div>\n\t\t\t\t\t<\/div>\n\t\t<\/div>\n\t\t\t\t<div class=\"elementor-column elementor-col-50 elementor-inner-column elementor-element elementor-element-9e010ad\" data-id=\"9e010ad\" data-element_type=\"column\">\n\t\t\t<div class=\"elementor-widget-wrap elementor-element-populated\">\n\t\t\t\t\t\t\t\t<div class=\"elementor-element elementor-element-40c7ad3 elementor-widget elementor-widget-text-editor\" data-id=\"40c7ad3\" data-element_type=\"widget\" data-widget_type=\"text-editor.default\">\n\t\t\t\t<div class=\"elementor-widget-container\">\n\t\t\t\t\t\t\t<div class=\"elementor-element elementor-element-30e2098 elementor-widget elementor-widget-heading\" style=\"--flex-direction: initial; --flex-wrap: initial; --justify-content: initial; --align-items: initial; --align-content: initial; --gap: initial; --flex-basis: initial; --flex-grow: initial; --flex-shrink: initial; --order: initial; --align-self: initial; flex-direction: var(--flex-direction); flex-wrap: var(--flex-wrap); -webkit-box-pack: var(--justify-content); justify-content: var(--justify-content); -webkit-box-align: var(--align-items); align-items: var(--align-items); align-content: var(--align-content); gap: var(--gap); flex-basis: var(--flex-basis); -webkit-box-flex: var(--flex-grow); flex-grow: var(--flex-grow); flex-shrink: var(--flex-shrink); -webkit-box-ordinal-group: var(--order); order: var(--order); align-self: var(--align-self); --widgets-spacing: 20px; width: 550px; text-align: center; color: #393939; font-family: Poppins, Arial, Helvetica, sans-serif; font-size: 15px;\" data-id=\"30e2098\" data-element_type=\"widget\" data-widget_type=\"heading.default\">\n<div class=\"elementor-widget-container optml-bg-lazyloaded\">\n<h2 class=\"elementor-heading-title elementor-size-default\" style=\"font-size: var(--h2FontSize); font-weight: var( --e-global-typography-primary-font-weight ); font-family: var( --e-global-typography-primary-font-family ), Sans-serif; letter-spacing: var(--h2LetterSpacing); text-transform: var(--h2TextTransform); color: #06377b;\">Enstit\u00fcler<\/h2>\n<\/div>\n<\/div>\n<div class=\"elementor-element elementor-element-312ad7b elementor-widget elementor-widget-text-editor\" style=\"--listpad: 15px; --liststyle: disc; --flex-direction: initial; --flex-wrap: initial; --justify-content: initial; --align-items: initial; --align-content: initial; --gap: initial; --flex-basis: initial; --flex-grow: initial; --flex-shrink: initial; --order: initial; --align-self: initial; flex-direction: var(--flex-direction); flex-wrap: var(--flex-wrap); -webkit-box-pack: var(--justify-content); justify-content: var(--justify-content); -webkit-box-align: var(--align-items); align-items: var(--align-items); align-content: var(--align-content); gap: var(--gap); flex-basis: var(--flex-basis); -webkit-box-flex: var(--flex-grow); flex-grow: var(--flex-grow); flex-shrink: var(--flex-shrink); -webkit-box-ordinal-group: var(--order); order: var(--order); align-self: var(--align-self); --widgets-spacing: 20px; color: #1a1716; font-family: Roboto, sans-serif; font-weight: 400; width: 550px; text-align: center; line-height: 5px; font-size: 15px;\" data-id=\"312ad7b\" data-element_type=\"widget\" data-widget_type=\"text-editor.default\">\n<div class=\"elementor-widget-container optml-bg-lazyloaded\">\n<p><span style=\"color: #333399;\"><a style=\"--linkdeco: none; color: #333399;\" href=\"http:\/\/egitim.sakarya.edu.tr\/tr\" target=\"_blank\" rel=\"noopener\">E\u011fitim Bilimleri Enstit\u00fcs\u00fc<\/a><\/span><\/p>\n<p><span style=\"color: #333399;\"><a style=\"--linkdeco: none; color: #333399;\" href=\"http:\/\/fbe.sakarya.edu.tr\/tr\" target=\"_blank\" rel=\"noopener\">Fen Bilimleri Enstit\u00fcs\u00fc<\/a><\/span><\/p>\n<p><span style=\"color: #333399;\"><a style=\"--linkdeco: none; color: #333399;\" href=\"http:\/\/gsb.sakarya.edu.tr\/tr\" target=\"_blank\" rel=\"noopener\">\u0130\u015fletme Enstit\u00fcs\u00fc<\/a><\/span><\/p>\n<p><span style=\"color: #333399;\"><a style=\"--linkdeco: none; color: #333399;\" href=\"http:\/\/ortadogu.sakarya.edu.tr\/tr\" target=\"_blank\" rel=\"noopener\">Ortado\u011fu Enstit\u00fcs\u00fc<\/a><\/span><\/p>\n<p><span style=\"color: #333399;\"><a style=\"--linkdeco: none; color: #333399;\" href=\"http:\/\/sagbil.sakarya.edu.tr\/tr\" target=\"_blank\" rel=\"noopener\">Sa\u011fl\u0131k Bilimleri Enstit\u00fcs\u00fc<\/a><\/span><\/p>\n<p><span style=\"color: #333399;\"><a style=\"--linkdeco: none; color: #333399;\" href=\"http:\/\/sbe.sakarya.edu.tr\/tr\" target=\"_blank\" rel=\"noopener\">Sosyal Bilimler Enstit\u00fcs\u00fc<\/a><\/span><\/p>\n<\/div>\n<\/div>\n<div class=\"elementor-element elementor-element-4545728 elementor-widget elementor-widget-heading\" style=\"--flex-direction: initial; --flex-wrap: initial; --justify-content: initial; --align-items: initial; --align-content: initial; --gap: initial; --flex-basis: initial; --flex-grow: initial; --flex-shrink: initial; --order: initial; --align-self: initial; flex-direction: var(--flex-direction); flex-wrap: var(--flex-wrap); -webkit-box-pack: var(--justify-content); justify-content: var(--justify-content); -webkit-box-align: var(--align-items); align-items: var(--align-items); align-content: var(--align-content); gap: var(--gap); flex-basis: var(--flex-basis); -webkit-box-flex: var(--flex-grow); flex-grow: var(--flex-grow); flex-shrink: var(--flex-shrink); -webkit-box-ordinal-group: var(--order); order: var(--order); align-self: var(--align-self); --widgets-spacing: 20px; width: 550px; text-align: center; color: #393939; font-family: Poppins, Arial, Helvetica, sans-serif; font-size: 15px;\" data-id=\"4545728\" data-element_type=\"widget\" data-widget_type=\"heading.default\">\n<div class=\"elementor-widget-container optml-bg-lazyloaded\">\n<h2>\u00a0<\/h2>\n<h2 class=\"elementor-heading-title elementor-size-default\" style=\"font-size: var(--h2FontSize); font-weight: var( --e-global-typography-primary-font-weight ); font-family: var( --e-global-typography-primary-font-family ), Sans-serif; letter-spacing: var(--h2LetterSpacing); text-transform: var(--h2TextTransform); color: #06377b;\">Meslek Y\u00fcksekokullar\u0131<\/h2>\n<\/div>\n<\/div>\n<div class=\"elementor-element elementor-element-9d7b4b7 elementor-widget elementor-widget-text-editor\" style=\"--listpad: 15px; --liststyle: disc; --flex-direction: initial; --flex-wrap: initial; --justify-content: initial; --align-items: initial; --align-content: initial; --gap: initial; --flex-basis: initial; --flex-grow: initial; --flex-shrink: initial; --order: initial; --align-self: initial; flex-direction: var(--flex-direction); flex-wrap: var(--flex-wrap); -webkit-box-pack: var(--justify-content); justify-content: var(--justify-content); -webkit-box-align: var(--align-items); align-items: var(--align-items); align-content: var(--align-content); gap: var(--gap); flex-basis: var(--flex-basis); -webkit-box-flex: var(--flex-grow); flex-grow: var(--flex-grow); flex-shrink: var(--flex-shrink); -webkit-box-ordinal-group: var(--order); order: var(--order); align-self: var(--align-self); --widgets-spacing: 20px; color: #1a1716; font-family: Roboto, sans-serif; font-weight: 400; width: 550px; text-align: center; line-height: 5px; font-size: 15px;\" data-id=\"9d7b4b7\" data-element_type=\"widget\" data-widget_type=\"text-editor.default\">\n<div class=\"elementor-widget-container optml-bg-lazyloaded\">\n<p><span style=\"color: #333399;\"><a style=\"--linkdeco: none; color: #333399;\" href=\"http:\/\/shmyo.sakarya.edu.tr\/tr\" target=\"_blank\" rel=\"noopener\">Sa\u011fl\u0131k Hizmetleri Meslek Y\u00fcksekokulu<\/a><\/span><\/p>\n<p><span style=\"color: #333399;\"><a style=\"--linkdeco: none; color: #333399;\" href=\"https:\/\/adalet.sakarya.edu.tr\/tr\" target=\"_blank\" rel=\"noopener\">Adalet Meslek Y\u00fcksekokulu<\/a><\/span><\/p>\n<p><span style=\"color: #333399;\"><a style=\"--linkdeco: none; color: #333399; opacity: 0.9;\" href=\"https:\/\/adamyo.sakarya.edu.tr\/tr\" target=\"_blank\" rel=\"noopener\">Adapazar\u0131 Meslek Y\u00fcksekokulu<\/a><\/span><\/p>\n<\/div>\n<\/div>\t\t\t\t\t\t<\/div>\n\t\t\t\t<\/div>\n\t\t\t\t\t<\/div>\n\t\t<\/div>\n\t\t\t\t\t\t\t<\/div>\n\t\t<\/section>\n\t\t\t\t\t<\/div>\n\t\t<\/div>\n\t\t\t\t\t\t\t<\/div>\n\t\t<\/section>\n\t\t\t\t\t\t\t<\/div>\n\t\t","protected":false},"excerpt":{"rendered":"<p>Akademik Birimler Fak\u00fclteler Bilgisayar ve Bili\u015fim Bilimleri Fak\u00fcltesi Di\u015f Hekimli\u011fi Fak\u00fcltesi E\u011fitim Fak\u00fcltesi Fen\u00a0 Fak\u00fcltesi Hukuk Fak\u00fcltesi \u0130lahiyat Fak\u00fcltesi \u0130leti\u015fim Fak\u00fcltesi \u0130\u015fletme Fak\u00fcltesi \u0130nsan ve Toplum Bilimleri Fak\u00fcltesi M\u00fchendislik Fak\u00fcltesi Sa\u011fl\u0131k Bilimleri Fak\u00fcltesi Sanat Tasar\u0131m ve Mimarl\u0131k Fak\u00fcltesi Siyasal Bilgiler Fak\u00fcltesi T\u0131p Fak\u00fcltesi Enstit\u00fcler E\u011fitim Bilimleri Enstit\u00fcs\u00fc Fen Bilimleri Enstit\u00fcs\u00fc \u0130\u015fletme Enstit\u00fcs\u00fc Ortado\u011fu Enstit\u00fcs\u00fc Sa\u011fl\u0131k&hellip;&nbsp;<a href=\"https:\/\/studyatsau.sakarya.edu.tr\/?page_id=340\" class=\"\" rel=\"bookmark\">Read More &raquo;<span class=\"screen-reader-text\">Akademik Birimler<\/span><\/a><\/p>\n","protected":false},"author":1,"featured_media":0,"parent":0,"menu_order":0,"comment_status":"closed","ping_status":"closed","template":"elementor_header_footer","meta":{"neve_meta_sidebar":"","neve_meta_container":"","neve_meta_enable_content_width":"","neve_meta_content_width":0,"neve_meta_title_alignment":"","neve_meta_author_avatar":"","neve_post_elements_order":"","neve_meta_disable_header":"","neve_meta_disable_footer":"","neve_meta_disable_title":""},"_links":{"self":[{"href":"https:\/\/studyatsau.sakarya.edu.tr\/index.php?rest_route=\/wp\/v2\/pages\/340"}],"collection":[{"href":"https:\/\/studyatsau.sakarya.edu.tr\/index.php?rest_route=\/wp\/v2\/pages"}],"about":[{"href":"https:\/\/studyatsau.sakarya.edu.tr\/index.php?rest_route=\/wp\/v2\/types\/page"}],"author":[{"embeddable":true,"href":"https:\/\/studyatsau.sakarya.edu.tr\/index.php?rest_route=\/wp\/v2\/users\/1"}],"replies":[{"embeddable":true,"href":"https:\/\/studyatsau.sakarya.edu.tr\/index.php?rest_route=%2Fwp%2Fv2%2Fcomments&post=340"}],"version-history":[{"count":7,"href":"https:\/\/studyatsau.sakarya.edu.tr\/index.php?rest_route=\/wp\/v2\/pages\/340\/revisions"}],"predecessor-version":[{"id":1586,"href":"https:\/\/studyatsau.sakarya.edu.tr\/index.php?rest_route=\/wp\/v2\/pages\/340\/revisions\/1586"}],"wp:attachment":[{"href":"https:\/\/studyatsau.sakarya.edu.tr\/index.php?rest_route=%2Fwp%2Fv2%2Fmedia&parent=340"}],"curies":[{"name":"wp","href":"https:\/\/api.w.org\/{rel}","templated":true}]}}