{"id":751,"date":"2022-06-15T19:07:08","date_gmt":"2022-06-15T16:07:08","guid":{"rendered":"https:\/\/studyatsau.sakarya.edu.tr\/?page_id=751"},"modified":"2024-07-24T09:02:16","modified_gmt":"2024-07-24T06:02:16","slug":"online-basvuru","status":"publish","type":"page","link":"https:\/\/studyatsau.sakarya.edu.tr\/?page_id=751","title":{"rendered":"Online Ba\u015fvuru"},"content":{"rendered":"\t\t<div data-elementor-type=\"wp-page\" data-elementor-id=\"751\" class=\"elementor elementor-751\">\n\t\t\t\t\t\t\t\t\t<section class=\"elementor-section elementor-top-section elementor-element elementor-element-3bc1f05a elementor-section-boxed elementor-section-height-default elementor-section-height-default\" data-id=\"3bc1f05a\" data-element_type=\"section\" data-settings=\"{&quot;background_background&quot;:&quot;classic&quot;}\">\n\t\t\t\t\t\t<div class=\"elementor-container elementor-column-gap-default\">\n\t\t\t\t\t<div class=\"elementor-column elementor-col-100 elementor-top-column elementor-element elementor-element-21dff935\" data-id=\"21dff935\" data-element_type=\"column\">\n\t\t\t<div class=\"elementor-widget-wrap elementor-element-populated\">\n\t\t\t\t\t\t\t\t<div class=\"elementor-element elementor-element-3b4dde74 elementor-widget elementor-widget-heading\" data-id=\"3b4dde74\" data-element_type=\"widget\" data-widget_type=\"heading.default\">\n\t\t\t\t<div class=\"elementor-widget-container\">\n\t\t\t<style>\/*! elementor - v3.6.5 - 27-04-2022 *\/\n.elementor-heading-title{padding:0;margin:0;line-height:1}.elementor-widget-heading .elementor-heading-title[class*=elementor-size-]>a{color:inherit;font-size:inherit;line-height:inherit}.elementor-widget-heading .elementor-heading-title.elementor-size-small{font-size:15px}.elementor-widget-heading .elementor-heading-title.elementor-size-medium{font-size:19px}.elementor-widget-heading .elementor-heading-title.elementor-size-large{font-size:29px}.elementor-widget-heading .elementor-heading-title.elementor-size-xl{font-size:39px}.elementor-widget-heading .elementor-heading-title.elementor-size-xxl{font-size:59px}<\/style><h2 class=\"elementor-heading-title elementor-size-default\">Online Ba\u015fvuru Ad\u0131mlar\u0131<\/h2>\t\t<\/div>\n\t\t\t\t<\/div>\n\t\t\t\t<div class=\"elementor-element elementor-element-407bd693 elementor-widget elementor-widget-text-editor\" data-id=\"407bd693\" data-element_type=\"widget\" data-widget_type=\"text-editor.default\">\n\t\t\t\t<div class=\"elementor-widget-container\">\n\t\t\t<style>\/*! elementor - v3.6.5 - 27-04-2022 *\/\n.elementor-widget-text-editor.elementor-drop-cap-view-stacked .elementor-drop-cap{background-color:#818a91;color:#fff}.elementor-widget-text-editor.elementor-drop-cap-view-framed .elementor-drop-cap{color:#818a91;border:3px solid;background-color:transparent}.elementor-widget-text-editor:not(.elementor-drop-cap-view-default) .elementor-drop-cap{margin-top:8px}.elementor-widget-text-editor:not(.elementor-drop-cap-view-default) .elementor-drop-cap-letter{width:1em;height:1em}.elementor-widget-text-editor .elementor-drop-cap{float:left;text-align:center;line-height:1;font-size:50px}.elementor-widget-text-editor .elementor-drop-cap-letter{display:inline-block}<\/style>\t\t\t\t<ul><li style=\"list-style-type: none;\"><ol><li>Ba\u015fvurular kay\u0131t takvimde <a href=\"https:\/\/studyatsau.sakarya.edu.tr\/?page_id=186\">&#8220;https:\/\/studyatsau.sakarya.edu.tr\/?page_id=186&#8221;<\/a> \u00a0belirtilen tarihlerde Online Ba\u015fvuru &#8221; <a href=\"https:\/\/yosyerlesme.sabis.sakarya.edu.tr\/\">https:\/\/yosyerlesme.sabis.sakarya.edu.tr\/<\/a>\u00a0sayfas\u0131\u00a0 \u00fczerinden yap\u0131l\u0131r.<\/li><li>Ba\u015fvuru s\u0131ras\u0131nda \u00f6\u011frenciler kendilerinden <a href=\"https:\/\/studyatsau.sakarya.edu.tr\/wp-content\/uploads\/2023\/05\/2023-2024-ONLIN-BASVURU-ISTENILEN-BELGELER.pdf\">istenen bilgileri<\/a> dolduracaklar, belgeleri sisteme y\u00fckleyeceklerdir.<\/li><li>Ba\u015fvuru belgeleri T\u00fcrk\u00e7e veya \u0130ngilizce olmal\u0131d\u0131r.<\/li><li>De\u011ferlendirmede eksik bilgi ve\/veya belgeye rastlanan aday\u0131n ba\u015fvurusu iptal edilecektir.<\/li><li>Lise Mezuniyet Notu ile ba\u015fvuracak adaylar mutlaka Lise Mezuniyet Notu\u2019nu g\u00f6steren bir belge y\u00fcklemelidirler.<\/li><li>\u00a0<strong>TR Y\u00d6S<\/strong>\u00a0 s\u0131nav\u0131 haricindeki <em><span style=\"text-decoration: underline;\"><strong>\u00a0Y\u00d6S<\/strong><\/span><\/em> S\u0131navlar\u0131 ile ba\u015fvuru kabul edilmeyecektir.<\/li><li>\u0130ngilizce \u00d6\u011fretmenli\u011fi B\u00f6l\u00fcm\u00fc ve \u0130ngilizce M\u00fctercim ve Terc\u00fcmanl\u0131k B\u00f6l\u00fcm\u00fcne ba\u015fvuru yapacak olan adaylar istenen Dil Yeterlilik veya Muafiyet Belgesini y\u00fcklemelidirler.<\/li><li>Ba\u015fvuru s\u0131ras\u0131nda y\u00fcklenen belgelerin as\u0131llar\u0131 kesin kay\u0131t s\u0131ras\u0131nda kay\u0131t g\u00f6revlilerine teslim edilecektir.<\/li><li>Her aday sadece bir ba\u015fvuru yapabilir, bu ba\u015fvurusunda en fazla 3 b\u00f6l\u00fcm tercih edebilir. Birden fazla ba\u015fvurusu oldu\u011fu tespit edilen adaylar\u0131n t\u00fcm ba\u015fvurular\u0131 iptal edilir.<\/li><li>T\u00fcm i\u015flemler Ba\u015fvuru S\u0131ras\u0131nda olu\u015fturulan <span style=\"text-decoration: underline;\"><strong>Aday ID numaras\u0131<\/strong><\/span> ile yap\u0131lacak olup <span style=\"text-decoration: underline;\"><strong><em>Aday ID belirtmeyen ki\u015filerin talep ve sorular\u0131 dikkate al\u0131nmayacakt\u0131r.<\/em><\/strong><\/span><\/li><li>Tercih edilecek b\u00f6l\u00fcmlere ait \u00f6zel ko\u015fullar ve a\u00e7\u0131klamalar Kontenjan Tablosunda yer almakta olup dikkatlice incelenmesi \u00f6nerilmektedir.<\/li><li>Ba\u015fvurunuzun ge\u00e7erli olabilmesi i\u00e7in <span style=\"text-decoration: underline;\"><strong>mutlaka Ba\u015fvuru Tamamla Butonuna basman\u0131z<\/strong> <\/span>gerekmektedir. Aksi halde ba\u015fvurunuz de\u011ferlendirmeye al\u0131nmayacakt\u0131r.<\/li><\/ol><\/li><\/ul>\t\t\t\t\t\t<\/div>\n\t\t\t\t<\/div>\n\t\t\t\t<div class=\"elementor-element elementor-element-1cdd524b elementor-widget elementor-widget-image\" data-id=\"1cdd524b\" data-element_type=\"widget\" data-widget_type=\"image.default\">\n\t\t\t\t<div class=\"elementor-widget-container\">\n\t\t\t<style>\/*! elementor - v3.6.5 - 27-04-2022 *\/\n.elementor-widget-image{text-align:center}.elementor-widget-image a{display:inline-block}.elementor-widget-image a img[src$=\".svg\"]{width:48px}.elementor-widget-image img{vertical-align:middle;display:inline-block}<\/style>\t\t\t\t\t\t\t\t\t\t\t\t\t<a href=\"https:\/\/s3-esentepe.sakarya.edu.tr\/yosyerlesme\/media\/kayit_egitim_final.mp4\">\n\t\t\t\t\t\t\t<img src=\"https:\/\/studyatsau.sakarya.edu.tr\/wp-content\/uploads\/elementor\/thumbs\/TR-qrkh0gb0d3sy7jqs2uxmiugct563zmoyosnt6acnta.png\" title=\"TR\" alt=\"TR\" \/>\t\t\t\t\t\t\t\t<\/a>\n\t\t\t\t\t\t\t\t\t\t\t\t\t\t\t<\/div>\n\t\t\t\t<\/div>\n\t\t\t\t\t<\/div>\n\t\t<\/div>\n\t\t\t\t\t\t\t<\/div>\n\t\t<\/section>\n\t\t\t\t\t\t\t<\/div>\n\t\t","protected":false},"excerpt":{"rendered":"<p>Online Ba\u015fvuru Ad\u0131mlar\u0131 Ba\u015fvurular kay\u0131t takvimde &#8220;https:\/\/studyatsau.sakarya.edu.tr\/?page_id=186&#8221; \u00a0belirtilen tarihlerde Online Ba\u015fvuru &#8221; https:\/\/yosyerlesme.sabis.sakarya.edu.tr\/\u00a0sayfas\u0131\u00a0 \u00fczerinden yap\u0131l\u0131r. Ba\u015fvuru s\u0131ras\u0131nda \u00f6\u011frenciler kendilerinden istenen bilgileri dolduracaklar, belgeleri sisteme y\u00fckleyeceklerdir. Ba\u015fvuru belgeleri T\u00fcrk\u00e7e veya \u0130ngilizce olmal\u0131d\u0131r. De\u011ferlendirmede eksik bilgi ve\/veya belgeye rastlanan aday\u0131n ba\u015fvurusu iptal edilecektir. Lise Mezuniyet Notu ile ba\u015fvuracak adaylar mutlaka Lise Mezuniyet Notu\u2019nu g\u00f6steren bir belge y\u00fcklemelidirler.&hellip;&nbsp;<a href=\"https:\/\/studyatsau.sakarya.edu.tr\/?page_id=751\" class=\"\" rel=\"bookmark\">Read More &raquo;<span class=\"screen-reader-text\">Online Ba\u015fvuru<\/span><\/a><\/p>\n","protected":false},"author":1,"featured_media":0,"parent":0,"menu_order":0,"comment_status":"closed","ping_status":"closed","template":"elementor_header_footer","meta":{"neve_meta_sidebar":"","neve_meta_container":"","neve_meta_enable_content_width":"","neve_meta_content_width":0,"neve_meta_title_alignment":"","neve_meta_author_avatar":"","neve_post_elements_order":"","neve_meta_disable_header":"","neve_meta_disable_footer":"","neve_meta_disable_title":""},"_links":{"self":[{"href":"https:\/\/studyatsau.sakarya.edu.tr\/index.php?rest_route=\/wp\/v2\/pages\/751"}],"collection":[{"href":"https:\/\/studyatsau.sakarya.edu.tr\/index.php?rest_route=\/wp\/v2\/pages"}],"about":[{"href":"https:\/\/studyatsau.sakarya.edu.tr\/index.php?rest_route=\/wp\/v2\/types\/page"}],"author":[{"embeddable":true,"href":"https:\/\/studyatsau.sakarya.edu.tr\/index.php?rest_route=\/wp\/v2\/users\/1"}],"replies":[{"embeddable":true,"href":"https:\/\/studyatsau.sakarya.edu.tr\/index.php?rest_route=%2Fwp%2Fv2%2Fcomments&post=751"}],"version-history":[{"count":40,"href":"https:\/\/studyatsau.sakarya.edu.tr\/index.php?rest_route=\/wp\/v2\/pages\/751\/revisions"}],"predecessor-version":[{"id":2754,"href":"https:\/\/studyatsau.sakarya.edu.tr\/index.php?rest_route=\/wp\/v2\/pages\/751\/revisions\/2754"}],"wp:attachment":[{"href":"https:\/\/studyatsau.sakarya.edu.tr\/index.php?rest_route=%2Fwp%2Fv2%2Fmedia&parent=751"}],"curies":[{"name":"wp","href":"https:\/\/api.w.org\/{rel}","templated":true}]}}